False
Let z = 23 + 13. Let n(v) = 5 + 2 + z*v - 2. Is n(4) a composite number?
False
Suppose 0 = 16*o - 20*o - 8. Is 78*1 + o + 1 a composite number?
True
Let z = -1 - -1. Suppose -n = -2, -4*p + 3*p + 4*n + 299 = z. Is p prime?
True
Let w be (1 - 1)/((-10)/5). Let p be 1*(2 - 4) + w. Let b(n) = -n**3 + 2*n**2 + 3*n. Is b(p) a composite number?
True
Let c be 1 - -1 - -2 - -1. Suppose c*d - 211 = 4*d. Is d composite?
False
Let w = 468 + 1241. Is w prime?
True
Suppose 2*p = -0*p - 2*t + 14, -5*p - 2*t = -20. Suppose 0*w = p*w. Suppose -2*z + n + 17 + 92 = w, -2*z + 112 = 2*n. Is z composite?
True
Let o = 197 - 120. Let n = -17 + 22. Suppose -n*w = -6*w + o. Is w prime?
False
Suppose 4*u + f - 14 = 4*f, -4 = -u + f. Suppose u*a = 4*z + 4*a - 514, 4*a + 115 = z. Is z a composite number?
False
Let k(p) = 7*p**2 - 3*p + 1. Let d(y) = y**3 - 6*y**2 - 6*y - 4. Let m be d(7). Is k(m) composite?
True
Let w = 34 - 4. Is w/45*2454/4 a composite number?
False
Suppose 2*z + 3*j = -0*z, 2*z - j - 8 = 0. Let x = z + -2. Is x/((-5 + 2)/(-30)) a prime number?
False
Suppose -2*c - 5*w = -1412, 0 = -2*c + w + 639 + 761. Is c composite?
False
Let v be (-10)/35 + 60/14. Let p(r) = -r**3 + 3*r**2 - 4*r + 2. Let f be p(v). Let j = -7 - f. Is j a prime number?
True
Suppose 350 - 1855 = -5*m. Is m composite?
True
Let f(g) = 2*g**2 - 19*g + 6. Is f(13) prime?
True
Let n(m) be the first derivative of m**2/2 - 4*m - 2. Let a be n(4). Suppose 2*l - 110 = -s + 2*s, a = 5*l + s - 261. Is l composite?
False
Let u = 4 - 8. Let y be 1/(-2) + (-106)/u. Let m = y + -15. Is m a prime number?
True
Suppose -2*m + 0 = -4. Suppose m*j - 4*r = -2*r + 68, -5*r = j - 40. Is j composite?
True
Suppose 20*n - 16*n = 20. Suppose -26 = -p - n. Is p prime?
False
Let i = -50 - 133. Let u = i + 350. Is u composite?
False
Suppose 0 = -v + 5*b + 32, 6*b + 10 = b. Is (-2)/(-4)*v - -2 prime?
True
Let a(r) = r**3 + 20*r**2 + 15*r + 29. Is a(-17) a prime number?
True
Suppose 4*q = -130 + 602. Is q a prime number?
False
Let t = 11 + 5. Suppose 4*f - t = 260. Is f a composite number?
True
Let r(k) = k**3 + 8*k**2 - 12*k - 8. Suppose 4*a = 3*d + 11 + 28, 5*d - 3*a + 54 = 0. Is r(d) a prime number?
True
Suppose 22 = -2*s - 2*h, 2 - 10 = 2*h. Let d = s + -1. Let t(n) = n**2 + 5*n + 10. Is t(d) prime?
False
Let v(g) = -g**3 - g**2 + 2*g - 65. Let l be v(0). Let d = l - -130. Is d a composite number?
True
Suppose 4*p + 8 = 0, -2*p - 29 = -4*v + 23. Let n be (-2)/8 + v/(-16). Is -26*(-1 + n) + 1 a prime number?
True
Let o(h) = h. Let f(a) = 22*a - 3. Let s(m) = f(m) + 6*o(m). Is s(2) prime?
True
Let g(n) = -50*n - 7. Let m be g(-8). Let a = 556 - m. Is a prime?
True
Suppose 0 = -w + 3*k + 541, -6*w + 1074 = -4*w - 4*k. Is w composite?
True
Let i(w) be the second derivative of 7*w**3/3 + w**2/2 - 9*w. Is i(17) a composite number?
False
Suppose 0 = -3*d + 4*o - 2 + 503, -2*d + 334 = -5*o. Is d a composite number?
False
Let g = 4 + -2. Suppose -g*c - 970 = -4*c. Is c a composite number?
True
Let l(u) = 11*u. Let z = -6 + 8. Suppose k = -1 + z. Is l(k) prime?
True
Suppose 5*j - 417 = 458. Suppose 0 = 2*i - 3*h - 370, 0*i - i + 4*h + j = 0. Is i a composite number?
False
Suppose 707 = 4*x - 3*x. Is x composite?
True
Let p(b) = b**3 - 4*b**2 - 5*b + 3. Let x be p(5). Suppose x*m - 46 = 2*m. Is m composite?
True
Suppose 2*x + x = 42. Suppose -2*b = 2*c - x, -4*c - 3*b + 14 + 10 = 0. Suppose 4*s - u - 124 = -2*u, 0 = -c*s - u + 93. Is s prime?
True
Let c be (0 + -1)*14/(-2). Let n = 12 - c. Suppose 0 = -n*z + 2*z + 4*u + 57, 0 = 4*z - u - 63. Is z composite?
True
Let g(c) = 15*c**2 + 1. Is g(6) a composite number?
False
Let u(d) = -d**2 + d + 2. Let b be u(0). Suppose -l = b*l - 93. Is l a prime number?
True
Is (-3164)/(-5) - 12/(-60) composite?
True
Let z = 598 - 422. Let p = z + -55. Is p a composite number?
True
Is 3/(-3) - 1 - -133 prime?
True
Let m = 210 - 136. Is m prime?
False
Let c be (0*(-2)/(-4))/(-3). Suppose 2*f - 130 = 4*t, 5*f + 5*t - 250 = -c*f. Is f a composite number?
True
Suppose 4*w - 8 = 2*r - 6*r, -2*r + 2 = 4*w. Is -1*(r - -332)*-1 a prime number?
False
Let j = 6 + -4. Suppose 0 = -6*d + j*d + 2416. Suppose -14 + 4 = 5*f, -4*f = -4*o + d. Is o a prime number?
True
Let b be (-14)/(-6) + 10/15. Suppose 4*z - 357 = -7*t + 4*t, -4*z = -b*t + 357. Let u = t - 22. Is u a prime number?
True
Let a be ((-4)/(-8))/((-3)/(-12)). Suppose -2*w + 334 = -4*g, -a*w + 3*g = -6*w + 635. Is w a composite number?
True
Let y = 189 - 40. Is y a composite number?
False
Let a be ((-1)/(4/(-8)) - 0) + 0. Suppose -6*h + h = 0. Suppose a*v = 3*n - h*n - 41, -n - 3*v = -10. Is n composite?
False
Let a be ((-8)/(-5))/(2/5). Suppose -2*u + 202 = -a*y, -3*u - 2*y + 253 = 2*y. Let j = u + -36. Is j a composite number?
True
Suppose 5*v + 0*v - 165 = 0. Suppose 2*q - 3*b - b = -16, 3*q - 4*b = -16. Suppose 2*o - 13 - v = q. Is o composite?
False
Let m = -208 + 2307. Is m composite?
False
Let c be (1 - 4)*2/(-6). Let b be 3 - 5 - (-16 + c). Suppose p + 1 = 0, g - 73 = 3*p - b. Is g a prime number?
False
Let p = 3 + 0. Suppose k + 5*q - 42 = 0, 3*q + 54 = -0*k + p*k. Is k prime?
False
Suppose -z + 2 = 0, 2*f = -0*z - 4*z + 430. Is f prime?
True
Suppose 3*y - 11 - 1 = 0. Suppose m - 1475 = -y*m. Is m a composite number?
True
Suppose -i - 12 = -c, -2*i + 12 = c - 7*i. Let a be 6405/c + 2/8. Is a/10 + 2/(-5) a composite number?
False
Suppose 0*w + 2*w = -3*j + 60, 2*j = w + 33. Suppose 6 = o - 2*i + j, -2*o = 4*i + 16. Let p(x) = -5*x - 13. Is p(o) prime?
True
Suppose -4*p - 5*z = p - 70, 0 = z + 1. Suppose -5*b + 4*y = -97 + 6, -b + p = -4*y. Is b a composite number?
False
Is (2335 - -1) + 2/6*-9 prime?
True
Is ((-174)/(-18) - 9)/((-2)/(-2721)) a composite number?
False
Suppose -4*t + 15 - 3 = 0. Suppose t*d - 547 + 190 = 0. Is d a composite number?
True
Let c = 118 + -29. Is c prime?
True
Suppose -11*p = 13343 - 45474. Is p a composite number?
True
Let h(y) = -141*y - 5. Is h(-12) a composite number?
True
Is 21875/75 + (-4)/6 prime?
False
Suppose -5*o = -4*w + 2687, -4*w + 0*o + 3*o = -2689. Is w a composite number?
False
Let s(h) = 18*h + 21. Is s(16) a prime number?
False
Suppose -3*x = 2*x - 50. Let y = x - 5. Suppose -y*h - 15 = 7*v - 2*v, 0 = -3*h - 5*v - 19. Is h prime?
True
Let m be (4/(-12))/(3/(-261)). Suppose 5*s + m = 2034. Is s prime?
True
Suppose -b = -6*b - 10. Let g(r) = 41*r**2 - 2*r + 1. Is g(b) a composite number?
True
Let j(v) be the third derivative of v**4/6 - v**3/2 - 2*v**2. Is j(9) prime?
False
Suppose 5*k - 13 + 3 = 0. Suppose 2*s = -k*p + 42, -5*s + 21 = 2*p - 6. Is p prime?
False
Let m = -560 - -1143. Is m composite?
True
Suppose 2*g + 10 = 0, -4*v - 4*g + 2*g + 2074 = 0. Is v a composite number?
False
Let h(p) = -615*p - 19. Is h(-4) composite?
False
Suppose 2*g - 150 = -5*k, -g + 2*g - 101 = 4*k. Is g a composite number?
True
Let o be 0*(-2)/(-6) - -3. Let t = o + -5. Is (6 - -1)/(t/(-10)) prime?
False
Let c be (1*-6)/(-2) - 0. Suppose 3*f + c*w + 2*w - 307 = 0, -f + 89 = -w. Is f a composite number?
True
Suppose 2*l - 3 = c + 3*l, -9 = -2*c + 3*l. Let j be -1 - -1 - (4 - c). Let d = 6 + j. Is d a composite number?
False
Let z(c) = 8 - 4 + 7 + c. Let s be z(-9). Suppose 40 = s*u + 2*w, -4*w - w = -u - 10. Is u composite?
True
Suppose -28*w + 26*w = -178. Is w a prime number?
True
Suppose -1668 = -w - 3*w. Is w a composite number?
True
Suppose 10*m - 11191 = 37419. Is m a prime number?
True
Let c be (-10)/35 + 2/7. Suppose 4*z - 2*z - 38 = c. Is z a prime number?
True
Let w = -371 + 588. Is w composite?
True
Is 2*(0 - (-165)/6) a prime number?
False
Let f(d) = 22*d**2 - d - 4. Let p = 43 - 19. Suppose 3*t - 15 = -o - 0*t, 3*t - p = -4*o. Is f(o) a composite number?
False
Let t be (-24)/(-9)*(-3)/(-2). Suppose -4 = t*w, 2*u = 3*w + 2*w + 73. Is u composite?
True
Suppose -4*o = 2*y - 5*o - 28, -y + 4*o + 14 = 0. Suppose z + b + 1 = 0, z + 5*b = -7 - y. Suppose -385 = -z*k - k. Is k a composite number?
True
Let b(q) = q**2 - 2 + q + q**2 - q**2. Is b(-4) composite?
True
Is 1 + (-35)/(-1) + (6 - 5) a composite number?
False
Is -2 + -1 - (-121 - 0) prime?
False
Is 6/8*4106*2/3 prime?
True
Let k(l) = -2*l**3 - 7*l**2 - 4*l + 3. Let v(x) = -x**2 - 7*x - 3. Let z be v(-6). Suppose -s = z*s + 16. Is k(s) a c